{"id":24,"date":"2010-07-03T23:34:20","date_gmt":"2010-07-03T21:34:20","guid":{"rendered":"http:\/\/www.delbarrio.eu\/blo\/"},"modified":"2021-09-03T13:20:28","modified_gmt":"2021-09-03T11:20:28","slug":"indekso","status":"publish","type":"page","link":"http:\/\/www.delbarrio.eu\/blo\/indekso\/","title":{"rendered":"\u00cdndice Indekso Index"},"content":{"rendered":"<p><img loading=\"lazy\" decoding=\"async\" src=\"http:\/\/www.delbarrio.eu\/aliro.gif\" alt=\"\" width=\"11\" height=\"11\" border=\"0\">&nbsp;<a href=\"http:\/\/www.delbarrio.eu\">\u011cenerala indekso \/ \u00cdndice general \/ Home<\/a><\/p>\n<p><img loading=\"lazy\" decoding=\"async\" src=\"http:\/\/www.delbarrio.eu\/aliro.gif\" alt=\"\" width=\"11\" height=\"11\" border=\"0\">&nbsp;<a href=\"http:\/\/www.delbarrio.eu\/es.htm\">Art\u00edculos en espa\u00f1ol<\/a><\/p>\n<p>&nbsp;&nbsp;&nbsp;&nbsp;&nbsp;&nbsp;&nbsp;<img loading=\"lazy\" decoding=\"async\" src=\"http:\/\/www.delbarrio.eu\/aliro.gif\" alt=\"\" width=\"11\" height=\"11\" border=\"0\">&nbsp; <a href=\"http:\/\/www.delbarrio.eu\/blo\/category\/bitacora\">Bit\u00e1cora en espa\u00f1ol<\/a><\/p>\n<p><img loading=\"lazy\" decoding=\"async\" src=\"http:\/\/www.delbarrio.eu\/aliro.gif\" alt=\"\" width=\"11\" height=\"11\" border=\"0\">&nbsp;<a href=\"http:\/\/www.delbarrio.eu\/eo.htm\">Artikoloj en Esperanto<\/a><\/p>\n<p>&nbsp;&nbsp;&nbsp;&nbsp;&nbsp;&nbsp;&nbsp;<img loading=\"lazy\" decoding=\"async\" src=\"http:\/\/www.delbarrio.eu\/aliro.gif\" alt=\"\" width=\"11\" height=\"11\" border=\"0\">&nbsp; <a href=\"http:\/\/www.delbarrio.eu\/blo\/category\/blogo\">Blogo en Esperanto<\/a><\/p>\n<p><img loading=\"lazy\" decoding=\"async\" src=\"http:\/\/www.delbarrio.eu\/aliro.gif\" alt=\"\" width=\"11\" height=\"11\" border=\"0\">&nbsp;<a href=\"http:\/\/www.delbarrio.eu\/ali.htm#en\">In English<\/a><\/p>\n<p><img loading=\"lazy\" decoding=\"async\" src=\"http:\/\/www.delbarrio.eu\/aliro.gif\" alt=\"\" width=\"11\" height=\"11\" border=\"0\">&nbsp;<a href=\"http:\/\/www.delbarrio.eu\/ali.htm#de\">Auf Deutsch<\/a><\/p>\n<p><img loading=\"lazy\" decoding=\"async\" src=\"http:\/\/www.delbarrio.eu\/aliro.gif\" alt=\"\" width=\"11\" height=\"11\" border=\"0\">&nbsp;<a href=\"http:\/\/www.delbarrio.eu\/ali.htm#fr\">En fran\u00e7ais<\/a><\/p>\n<p><img loading=\"lazy\" decoding=\"async\" src=\"http:\/\/www.delbarrio.eu\/aliro.gif\" alt=\"\" width=\"11\" height=\"11\" border=\"0\">&nbsp;<a href=\"http:\/\/www.delbarrio.eu\/ali.htm#ca\">En catal\u00e0<\/a><\/p>\n<p><a href=\"mailto:tonyo+delbarrio+@yahoo.es?subject=Quita las cruces \/ Forigu la krucojn \/ Remove the crosses\" target=\"_blank\" rel=\"noopener\"><img loading=\"lazy\" decoding=\"async\" src=\"http:\/\/www.delbarrio.eu\/webb2\/koveflav.gif\" alt=\"e-mail\" width=\"29\" height=\"22\" border=\"0\"><\/a><\/p>\n","protected":false},"excerpt":{"rendered":"<p>&nbsp;\u011cenerala indekso \/ \u00cdndice general \/ Home &nbsp;Art\u00edculos en espa\u00f1ol &nbsp;&nbsp;&nbsp;&nbsp;&nbsp;&nbsp;&nbsp;&nbsp; Bit\u00e1cora en espa\u00f1ol &nbsp;Artikoloj en Esperanto &nbsp;&nbsp;&nbsp;&nbsp;&nbsp;&nbsp;&nbsp;&nbsp; Blogo en Esperanto &nbsp;In English &nbsp;Auf Deutsch &nbsp;En fran\u00e7ais &nbsp;En catal\u00e0<\/p>\n","protected":false},"author":1,"featured_media":0,"parent":0,"menu_order":0,"comment_status":"closed","ping_status":"closed","template":"","meta":{"footnotes":""},"class_list":["post-24","page","type-page","status-publish","hentry"],"_links":{"self":[{"href":"http:\/\/www.delbarrio.eu\/blo\/wp-json\/wp\/v2\/pages\/24","targetHints":{"allow":["GET"]}}],"collection":[{"href":"http:\/\/www.delbarrio.eu\/blo\/wp-json\/wp\/v2\/pages"}],"about":[{"href":"http:\/\/www.delbarrio.eu\/blo\/wp-json\/wp\/v2\/types\/page"}],"author":[{"embeddable":true,"href":"http:\/\/www.delbarrio.eu\/blo\/wp-json\/wp\/v2\/users\/1"}],"replies":[{"embeddable":true,"href":"http:\/\/www.delbarrio.eu\/blo\/wp-json\/wp\/v2\/comments?post=24"}],"version-history":[{"count":10,"href":"http:\/\/www.delbarrio.eu\/blo\/wp-json\/wp\/v2\/pages\/24\/revisions"}],"predecessor-version":[{"id":1100,"href":"http:\/\/www.delbarrio.eu\/blo\/wp-json\/wp\/v2\/pages\/24\/revisions\/1100"}],"wp:attachment":[{"href":"http:\/\/www.delbarrio.eu\/blo\/wp-json\/wp\/v2\/media?parent=24"}],"curies":[{"name":"wp","href":"https:\/\/api.w.org\/{rel}","templated":true}]}}